.
13
Let k be (-98)/(-3) + 4/(-6). Suppose 16 + k = 6*i. What is the highest common factor of i and 12?
4
Suppose 872 = 8*h + 728. What is the highest common factor of 963 and h?
9
Let s(t) = -4*t - 12. Let h be s(-11). Let m = h - -24. What is the highest common factor of m and 7?
7
Let c = -409 + 588. Let k = c - 68. Calculate the highest common factor of 74 and k.
37
Suppose 8 = 3*i + 2. Let n be 20/(3 + -3 + i). Let g(o) = 22*o. Let u be g(5). Calculate the greatest common divisor of u and n.
10
Let y(a) = a**2 + 2*a + 7. Let s(d) = d. Let t be s(-3). Let i be y(t). What is the highest common divisor of i and 70?
10
Suppose 853 - 237 = 8*n. What is the highest common divisor of n and 28?
7
Let p(a) = 2*a + 63. Let o be p(-30). Calculate the greatest common factor of 201 and o.
3
Suppose -3*b + 243 = 5*z - 6*b, -4*z = 4*b - 220. Suppose v + 3*v - 48 = -5*m, -4*m + z = 5*v. What is the greatest common factor of v and 1?
1
Let v be 3 - (-18 + 8 - 68). What is the highest common divisor of 54 and v?
27
Let f(a) = a**3 + 2*a**2 - 15*a - 8. Let r be f(-4). Suppose i + 5*u + 3 = -3, 3*u = -i - 2. Calculate the greatest common divisor of r and i.
4
Let u be ((-7)/(21/68))/(4/(-24)). Calculate the highest common factor of u and 24.
8
Let f(p) = -p - 8. Let x = -40 - -31. Let l be f(x). Suppose -5*t + 0*s + 60 = -s, 75 = 5*t - 4*s. What is the greatest common divisor of l and t?
1
Let x be (1/(2/(-20)))/(14/(-35)). Let n = x + -16. What is the highest common factor of n and 99?
9
Let j be 3/(-6) + 5940/24. What is the greatest common factor of 38 and j?
19
Suppose -55*a + 47*a + 1664 = 0. Calculate the highest common factor of 78 and a.
26
Suppose -4991 = -153*v + 130*v. Calculate the greatest common factor of 155 and v.
31
Let s = -285 - -305. Suppose 4*d = -2*c - 3 + 5, -4*c = 5*d - 7. Suppose -s + 8 = -c*f, 2 = 5*m - 2*f. What is the highest common divisor of m and 16?
2
Let l(w) = w**2 + 10*w - 304. Let u be l(-24). Calculate the highest common factor of u and 288.
32
Let y be 138 + -1 + 2/(-2). Suppose -2*l - 117 - 139 = 0. Let d = l + 145. Calculate the highest common factor of y and d.
17
Suppose -w = -18 + 5. Let k = -11 + w. Let h be (-20)/(-6) + k/3. Calculate the greatest common factor of 4 and h.
4
Let o(c) = c**3 + 0 - 3*c**2 + c**2 - 4 + 9*c. Let z be o(4). Calculate the highest common factor of 16 and z.
16
Let g(p) = p**3 - 17*p**2 + 12*p + 19. Let u be g(16). Let h = u + 70. Calculate the highest common divisor of h and 5.
5
Suppose -4*w + 10 = -3*s, 2*w + 0 = 3*s + 2. Let f = 9 - s. Let g(t) = -6*t - 8. Let r be g(-6). What is the highest common divisor of r and f?
7
Suppose 3*i + 13 = -2, -1619 = -4*o - i. Calculate the greatest common factor of o and 14.
14
Let d be ((-56)/(-8) - -2)*23. Calculate the highest common factor of 9 and d.
9
Suppose 0 = 4*h - 335 - 21. Suppose 4*b - 111 - h = 0. Calculate the greatest common divisor of 20 and b.
10
Let h = -1202 + 1688. Calculate the highest common divisor of 18 and h.
18
Let j be (-12)/(576/(-93296)) + 1/3. Calculate the greatest common divisor of j and 72.
72
Let w = 19 - 16. Let p be w/(1 + (-2)/8*-2). What is the greatest common divisor of p and 14?
2
Let a be (-1 + 58/(-6))*12. Let g = 205 - a. Let p = g + -25. What is the greatest common divisor of p and 28?
28
Let g be (-14 - 2)/(-4) - -8. Calculate the greatest common factor of 32 and g.
4
Suppose -3*d + 10*d = -7. Let i be d + (-1 - -21) - 1. Calculate the highest common factor of i and 6.
6
Let j(i) = -3*i**3 + 106*i**2 - 40*i + 184. Let b be j(35). Suppose -3*y + 27 = 3*l, -4*y - 6*l + 33 = -3*l. Calculate the greatest common factor of y and b.
3
Let g(a) = -13*a - 11. Suppose -4*q = -i - 0 - 7, -3*i + q - 21 = 0. Let k be g(i). What is the highest common divisor of 10 and k?
10
Let f = 39 + -17. Let y = 1 + f. Suppose -32 = -4*k - 3*a, -a + y - 7 = 2*k. Calculate the greatest common divisor of k and 4.
4
Let g be (1 + -1 + 150)*324/15. Suppose 1040 = -8*m + g. Suppose 4*b + 100 = 8*b. Calculate the highest common factor of m and b.
25
Suppose -15 = -0*z - 3*z. Suppose -145 = -z*t + 185. Calculate the highest common divisor of t and 99.
33
Suppose -48*u + 64*u = 4928. What is the greatest common divisor of 42 and u?
14
Let p(x) = -x**3 + 4*x**2 + x - 1. Let s be p(3). Let r = 211 - 375. Let z = -153 - r. Calculate the greatest common factor of s and z.
11
Let a(n) = -n**3 + 1. Let w be a(1). Suppose 2*z - 24 = -w*z. Suppose 0 = -3*k + 2 + 178. Calculate the highest common divisor of z and k.
12
Let c(x) = -x**2 - 9*x - 5. Let t be c(-8). Suppose 4*h - 11 = -t. Suppose 5*d = o + 71, 2*d = -2*d - 3*o + 53. What is the highest common factor of h and d?
2
Suppose 48*t - 50*t + 4 = 0. Suppose 0 = z - 2*h - 3, -h = t*h + 3. Calculate the greatest common factor of 4 and z.
1
Suppose -r = 2*r - 150. Suppose 95*o = 103*o - 80. What is the highest common divisor of o and r?
10
Let j be ((-4112)/48 + 1/(-3))*-20. Calculate the highest common divisor of j and 40.
40
Let r be (-1 - 173)/((-4 - -6) + -1). Let i = r + 446. Calculate the highest common divisor of i and 34.
34
Let r be 60/480 + 20590/16. Calculate the greatest common divisor of r and 11.
11
Let v = 3362 + -2185. Calculate the highest common factor of 22 and v.
11
Suppose 6*h + 39 - 69 = 0. Calculate the highest common divisor of h and 45.
5
Let q(k) = -k**3 + 13*k**2 + 13*k + 31. Suppose 6*a - 3*a - 39 = -3*l, 0 = 5*l - 3*a - 73. Let v be q(l). What is the highest common divisor of 119 and v?
17
Suppose 2*f + 2*f - 16 = 0. Let m be f/2 - (-3)/3. Let r(t) = -t**2 + 30. Let x be r(0). Calculate the greatest common divisor of x and m.
3
Suppose 0*u = -5*u - 0*u. Let a(l) = -l + 22. Let m be a(u). What is the greatest common divisor of 110 and m?
22
Let c(t) = -t**3 - 12*t**2 - 2*t - 17. Let d be c(-12). Suppose -d - 5 = -n. What is the highest common factor of n and 18?
6
Let n be 43/3 + 3/(-9). Let p(w) = -13*w + 55. Let c be p(5). Let k = c + n. What is the highest common divisor of 2 and k?
2
Suppose 4*r + 0 = -8. Let a be -1 - r/1 - -11. Let u(k) = 2*k - 6. Let q be u(6). What is the highest common factor of a and q?
6
Let a be 4/(-18) + 415/45. Suppose 5*c + 164 = a*c. What is the greatest common factor of c and 41?
41
Suppose 7*p + 280 = 14*p. Calculate the greatest common divisor of 200 and p.
40
Suppose -10*l + 8*l = -48. Let t be -1*(2 + -9) - 1. Calculate the highest common factor of t and l.
6
Let z be 9/(((-55)/30)/(-11)). Suppose -7*b + z = -44. Suppose -5*h = -2*q + 5*q - 61, -2*h - 4*q + 16 = 0. What is the highest common factor of b and h?
14
Suppose -2 - 2 = -2*w, -3*o = -4*w - 61. Suppose -s + o = 6. Suppose 5*r - 187 = 4*r. What is the greatest common factor of s and r?
17
Suppose h = 14 - 4. Suppose -2*d - 3*s = -0*s - 26, 5*d - 46 = 2*s. Calculate the greatest common factor of d and h.
10
Let k(v) = -3*v - 19. Let s be k(-8). Suppose 0 = -2*c - 8, -6*u + 9*u - 160 = -s*c. What is the highest common divisor of 240 and u?
60
Let d = 23 - 19. Suppose -18*s = -14*s - d. What is the highest common factor of s and 5?
1
Suppose 3*h + 405 = 4*m, 4*m - 67 = -h + 358. What is the highest common divisor of m and 21?
21
Let q(j) be the third derivative of 3*j**3 + 0*j - 8*j**2 - 1/12*j**4 + 0. Let c be q(0). What is the greatest common factor of c and 126?
18
Let r = 22 + -16. Suppose -711 - 441 = -r*q. What is the greatest common factor of q and 24?
24
Let n = -370 + 386. What is the highest common divisor of 24 and n?
8
Suppose 4*g = 7*p - 12*p + 245, 0 = -5*p - 2*g + 235. What is the highest common divisor of p and 40?
5
Let z be (24/(-9))/(4/(-18)). Let f(l) = -l**2 + 14*l. Let q(d) = 3*d - 7. Let m be q(5). Let c be f(m). Calculate the highest common divisor of z and c.
12
Let g be 6 - (6 + (-206)/2 + -6). What is the greatest common divisor of g and 218?
109
Suppose -7*j + 33*j - 1352 = 0. What is the highest common divisor of 26 and j?
26
Let y(x) = -2*x**3 + 13*x**2 - 4*x + 13. Let p be y(6). Calculate the highest common factor of p and 25.
25
Suppose 5*u = -4*h + 467, 9*u - 587 = -5*h + 6*u. Calculate the greatest common divisor of 2 and h.
2
Suppose -t + 35 = -g, 2*t - 140 = -2*t + 5*g. Let u = 54 - t. Suppose -78 = x - 230. Calculate the highest common